rime number?
False
Is 5956016063 a prime number?
False
Is 642609941 a composite number?
False
Is 1666565161 a prime number?
True
Is 26411893 a prime number?
False
Is 380434177 prime?
False
Is 8680436221 prime?
False
Is 108562718237 composite?
True
Is 922462727 a composite number?
False
Is 5237374201 prime?
True
Is 286986611 a prime number?
True
Is 628134361 a composite number?
False
Is 20165607017 a composite number?
False
Is 1175045723309 prime?
True
Is 38623357 composite?
False
Is 4430796757 composite?
True
Is 529209859 a prime number?
True
Is 34075519091 a composite number?
True
Is 762941629 composite?
True
Is 13848762007 a composite number?
False
Is 119619377 a prime number?
True
Is 615532553 composite?
False
Is 893315771 a prime number?
False
Is 258389060957 prime?
False
Is 60414622847 a composite number?
True
Is 12037042567 a composite number?
True
Is 287505588757 a composite number?
False
Is 935361587 a composite number?
True
Is 7154892554 a prime number?
False
Is 6467940397 composite?
False
Is 7602531103 a prime number?
False
Is 475706771 a prime number?
True
Is 678903929 a prime number?
False
Is 18989941634 composite?
True
Is 12134073247 a composite number?
False
Is 19539787811 prime?
False
Is 2040972257 prime?
True
Is 326327371 composite?
True
Is 265244407 composite?
False
Is 2316215969 prime?
True
Is 111093941731 a prime number?
True
Is 973220687 composite?
False
Is 1372737529 composite?
False
Is 3118181201 prime?
True
Is 1143407701 composite?
False
Is 4490933183 a prime number?
False
Is 462562141 composite?
False
Is 9285846311 composite?
True
Is 263500205 composite?
True
Is 12640241531 prime?
False
Is 22238821 a composite number?
True
Is 12183401213 composite?
True
Is 23076398726 a composite number?
True
Is 969187589 a composite number?
True
Is 2162595367 a prime number?
False
Is 30982171717 a composite number?
True
Is 66923279503 a composite number?
False
Is 42576797 prime?
True
Is 1137109973 composite?
True
Is 2212860773 a prime number?
True
Is 1453117927 composite?
False
Is 6947117029 prime?
False
Is 8898627197 a prime number?
True
Is 9284235833 a composite number?
True
Is 213962843 a composite number?
True
Is 1060427073 composite?
True
Is 7037373949 a prime number?
True
Is 16194739597 prime?
False
Is 239172449 composite?
True
Is 9491478989 a prime number?
True
Is 101159171501 composite?
False
Is 14898936233 a prime number?
False
Is 311392217 a composite number?
True
Is 131390689 composite?
False
Is 4156531591 prime?
False
Is 301312993 composite?
False
Is 20189101133 composite?
False
Is 16432475597 composite?
True
Is 2054498627 a composite number?
False
Is 954652033 prime?
False
Is 1634569 a prime number?
True
Is 1003318061 a prime number?
True
Is 3920022163 composite?
True
Is 75975850253 prime?
False
Is 1487976709 a prime number?
False
Is 8118027613 prime?
True
Is 62717517113 a composite number?
False
Is 1659846521 a prime number?
True
Is 1671074359 composite?
False
Is 973495177 a prime number?
True
Is 1900816007 a prime number?
True
Is 338172407 prime?
True
Is 22447052623 composite?
False
Is 1467528119 a composite number?
True
Is 556364147 composite?
False
Is 6840576341 composite?
False
Is 37327562093 composite?
False
Is 1573179437 a prime number?
True
Is 14949006427 a prime number?
False
Is 499465439 a prime number?
False
Is 851085329 a composite number?
True
Is 625941571 a prime number?
False
Is 2797452571 a prime number?
False
Is 11855497201 a prime number?
True
Is 32570681347 a prime number?
False
Is 742399345 prime?
False
Is 30842268101 a composite number?
False
Is 6343433521 a composite number?
False
Is 46533832907 a prime number?
True
Is 243582551 a composite number?
False
Is 36564889987 a composite number?
False
Is 1771485143 composite?
False
Is 37037889617 a composite number?
True
Is 18965503 prime?
True
Is 395618809 a prime number?
False
Is 5504878271 a prime number?
False
Is 1252112621 a prime number?
True
Is 5029213133 composite?
True
Is 722884451 composite?
True
Is 60579529 composite?
True
Is 5204331073 prime?
True
Is 40331818697 composite?
False
Is 31123472539 a prime number?
False
Is 1267400531 prime?
False
Is 52504735183 a prime number?
True
Is 3333026017 a prime number?
True
Is 154156230643 a composite number?
False
Is 44240077621 composite?
True
Is 24443624011 a composite number?
False
Is 195734404133 prime?
False
Is 7492580093 composite?
False
Is 2920112473 a prime number?
True
Is 299933999 composite?
False
Is 3251695177 composite?
False
Is 17452172897 composite?
False
Is 19442555453 a composite number?
False
Is 3611642849 composite?
True
Is 116967560129 prime?
False
Is 3371342213 a prime number?
False
Is 4358197351 a prime number?
True
Is 5890901437 prime?
False
Is 8832465827 a composite number?
False
Is 8562249149 a prime number?
True
Is 16928928869 a composite number?
True
Is 55424217211 prime?
False
Is 4427451111 prime?
False
Is 8305751893 a prime number?
True
Is 50135210653 prime?
False
Is 42498345641 a composite number?
True
Is 32966453561 a prime number?
True
Is 874389797 prime?
True
Is 142445059 composite?
False
Is 1030456943 a composite number?
True
Is 17510485007 a prime number?
True
Is 970800001 composite?
False
Is 400445797 composite?
True
Is 726491933 a prime number?
True
Is 22460426267 a composite number?
False
Is 17080198021 composite?
True
Is 576371753 composite?
True
Is 30599093411 a prime number?
True
Is 8764188133 prime?
True
Is 5636296202 a prime number?
False
Is 866434193 prime?
False
Is 485225623 a prime number?
True
Is 184223887 a composite number?
False
Is 1529896871 a composite number?
True
Is 49104091783 a prime number?
False
Is 1876684081 a prime number?
True
Is 16714955009 composite?
False
Is 14091924607 a prime number?
True
Is 55064717797 a prime number?
False
Is 3692981309 a prime number?
True
Is 174310603 prime?
False
Is 41624203 prime?
False
Is 256816663 a composite number?
True
Is 27508679641 prime?
True
Is 4652973879 a prime number?
False
Is 18034170685 composite?
True
Is 20739269 composite?
True
Is 514123322869 a composite number?
True
Is 128704489 a prime number?
True
Is 903623587 prime?
True
Is 208510961 composite?
True
Is 2531482003 prime?
False
Is 22312239233 composite?
False
Is 1043720533 a prime number?
False
Is 1659865241 prime?
True
Is 2914721513 a prime number?
False
Is 832688783 a composite number?
False
Is 726130199 a prime number?
False
Is 1506124307 a composite number?
True
Is 9399342641 a prime number?
False
Is 1235389261 composite?
True
Is 2297730497 composite?
False
Is 671060057 a composite number?
True
Is 79159493143 composite?
True
Is 1027957661 prime?
True
Is 35268767623 a prime number?
True
Is 66403159129 a prime number?
False
Is 7588880678 prime?
False
Is 912832331 prime?
True
Is 4435667789 a prime number?
False
Is 1865690819 a composite number?
True
Is 839987861 a prime number?
True
Is 317807153 a prime number?
True
Is 1359139133 prime?
False
Is 31586971877 prime?
True
Is 1452662609 prime?
True
Is 433646195 a composite number?
True
Is 254629262 composite?
True
Is 92519733181 a prime number?
False
Is 800652653 a composite number?
False
Is 67684750981 a composite number?
True
Is 145276151 a composite number?
False
Is 158401219 a composite number?
True
Is 12366647 a composite number?
True
Is 371799607 composite?
False
Is 2319341701 composite?
False
Is 1176137489 composite?
True
Is 564445997 a prime number?
True
Is 35717147783 prime?
False
Is 1933919569 composite?
False
Is 1102779481 prime?
False
Is 576671659 a prime number?
True
Is 12454542829 a prime number?
True
Is 12853098163 prime?
False
Is 105014353 composite?
True
Is 5619215737 a composite number?
False
Is 7667985089 a composite number?
False
Is 345046421 prime?
True
Is 4785283189 prime?
True
Is 1150720081 a prime number?
False
Is 7586874853 a prime number?
False
Is 355359227 composite?
False
Is 640990221 composite?
True
Is 5367645277 composite?
False
Is 4908700087 composite?
False
Is 1763738927 prime?
False
Is 1887803711 a prime number?
True
Is 2194027183 a composite number?
False
Is 317827553 prime?
False
Is 1780766359 a prime number?
False
Is 77325324097 prime?
False
Is 1388167901 composite?
False
Is 11682153253 a composite number?
False
Is 21592993091 composite?
False
Is 6721970446 prime?
F